hen 196863 is divided by 16?
15
What is the remainder when 21936 is divided by 47?
34
Calculate the remainder when 3533807 is divided by 996.
995
What is the remainder when 177955 is divided by 41?
15
What is the remainder when 789228 is divided by 338?
336
What is the remainder when 38143 is divided by 12647?
202
What is the remainder when 1807 is divided by 859?
89
What is the remainder when 32585 is divided by 2171?
20
Calculate the remainder when 37741 is divided by 8.
5
What is the remainder when 47882 is divided by 11968?
10
What is the remainder when 407842 is divided by 284?
18
Calculate the remainder when 10868 is divided by 467.
127
Calculate the remainder when 4642 is divided by 4120.
522
Calculate the remainder when 7607 is divided by 129.
125
Calculate the remainder when 29591 is divided by 493.
11
What is the remainder when 43510 is divided by 458?
0
Calculate the remainder when 1350759 is divided by 29.
26
What is the remainder when 6775 is divided by 455?
405
What is the remainder when 227063 is divided by 17465?
18
Calculate the remainder when 193798 is divided by 367.
22
Calculate the remainder when 5078 is divided by 1472.
662
What is the remainder when 197 is divided by 54?
35
What is the remainder when 1419 is divided by 239?
224
Calculate the remainder when 15559 is divided by 54.
7
Calculate the remainder when 160211 is divided by 507.
506
Calculate the remainder when 41 is divided by 8.
1
What is the remainder when 1860 is divided by 921?
18
Calculate the remainder when 69862 is divided by 69803.
59
What is the remainder when 24030 is divided by 55?
50
Calculate the remainder when 677 is divided by 114.
107
What is the remainder when 137311 is divided by 627?
625
What is the remainder when 163898 is divided by 745?
743
Calculate the remainder when 560985 is divided by 9.
6
Calculate the remainder when 122535 is divided by 578.
577
What is the remainder when 12972 is divided by 12959?
13
Calculate the remainder when 155849 is divided by 498.
473
What is the remainder when 781779 is divided by 7?
5
Calculate the remainder when 303398 is divided by 57.
44
What is the remainder when 62651 is divided by 346?
25
What is the remainder when 3889 is divided by 552?
25
What is the remainder when 54948 is divided by 520?
348
Calculate the remainder when 589 is divided by 106.
59
Calculate the remainder when 4786 is divided by 613.
495
What is the remainder when 452 is divided by 187?
78
Calculate the remainder when 47878 is divided by 180.
178
Calculate the remainder when 91019 is divided by 57.
47
What is the remainder when 10537 is divided by 153?
133
Calculate the remainder when 431153 is divided by 451.
448
Calculate the remainder when 31913 is divided by 126.
35
What is the remainder when 1084481 is divided by 15?
11
What is the remainder when 3345 is divided by 2459?
886
Calculate the remainder when 107379 is divided by 35784.
27
Calculate the remainder when 27314 is divided by 6826.
10
Calculate the remainder when 47789 is divided by 116.
113
Calculate the remainder when 3687 is divided by 3640.
47
Calculate the remainder when 92049 is divided by 11.
1
What is the remainder when 18538 is divided by 1544?
10
Calculate the remainder when 11857 is divided by 247.
1
What is the remainder when 39626 is divided by 352?
202
Calculate the remainder when 11092 is divided by 652.
8
Calculate the remainder when 174416 is divided by 10900.
16
What is the remainder when 4955 is divided by 2359?
237
Calculate the remainder when 2674 is divided by 890.
4
What is the remainder when 27635 is divided by 216?
203
What is the remainder when 894 is divided by 466?
428
Calculate the remainder when 62485 is divided by 398.
397
Calculate the remainder when 20294 is divided by 399.
344
What is the remainder when 186304 is divided by 31?
25
What is the remainder when 55686 is divided by 27837?
12
What is the remainder when 626861 is divided by 395?
391
Calculate the remainder when 14879 is divided by 44.
7
Calculate the remainder when 70682 is divided by 1413.
32
What is the remainder when 1898 is divided by 120?
98
What is the remainder when 338053 is divided by 56342?
1
What is the remainder when 52121 is divided by 166?
163
What is the remainder when 598116 is divided by 97?
14
Calculate the remainder when 1504 is divided by 737.
30
Calculate the remainder when 3462710 is divided by 543.
542
Calculate the remainder when 1382218 is divided by 36.
34
Calculate the remainder when 107986 is divided by 1565.
1
What is the remainder when 12822 is divided by 1318?
960
What is the remainder when 89591 is divided by 17912?
31
Calculate the remainder when 1615 is divided by 376.
111
Calculate the remainder when 96081 is divided by 153.
150
What is the remainder when 9651 is divided by 3208?
27
Calculate the remainder when 347362 is divided by 34735.
12
Calculate the remainder when 4816 is divided by 555.
376
What is the remainder when 10125 is divided by 184?
5
Calculate the remainder when 13545 is divided by 401.
312
What is the remainder when 22110 is divided by 2762?
14
What is the remainder when 11087 is divided by 18?
17
What is the remainder when 103093 is divided by 18?
7
Calculate the remainder when 10976 is divided by 56.
0
Calculate the remainder when 6025 is divided by 14.
5
What is the remainder when 179604 is divided by 152?
92
What is the remainder when 938951 is divided by 20?
11
Calculate the remainder when 56191 is divided by 42.
37
What is the remainder when 3804052 is divided by 1411?
1407
Calculate the remainder when 41075 is divided by 513.
35
Calculate the remainder when 14164 is divided by 4652.
208
What is the remainder when 2039 is divided by 227?
223
Calculate the remainder when 16696 is divided by 408.
376
Calculate the remainder when 2944 is divided by 212.
188
Calculate the remainder when 2797 is divided by 693.
25
What is the remainder when 6889 is divided by 610?
179
Calculate the remainder when 311 is divided by 261.
50
What is the remainder when 46821 is divided by 9358?
31
What is the remainder when 694483 is divided by 79?
73
Calculate the remainder when 40130 is divided by 13350.
80
What is the remainder when 10275 is divided by 40?
35
What is the remainder when 157439 is divided by 31?
21
What is the remainder when 4743268 is divided by 17?
13
What is the remainder when 32200 is divided by 2473?
51
What is the remainder when 52998 is divided by 27?
24
Calculate the remainder when 12629 is divided by 450.
29
Calculate the remainder when 40875 is divided by 146.
141
What is the remainder when 40258 is divided by 20126?
6
Calculate the remainder when 3443 is divided by 1698.
47
What is the remainder when 1312 is divided by 271?
228
Calculate the remainder when 58354 is divided by 1109.
686
What is the remainder when 339007 is divided by 4?
3
Calculate the remainder when 2263 is divided by 566.
565
What is the remainder when 14784 is divided by 672?
0
What is the remainder when 219876 is divided by 707?
706
Calculate the remainder when 24780 is divided by 11909.
962
Calculate the remainder when 9239 is divided by 3071.
26
What is the remainder when 2086 is divided by 347?
4
Calculate the remainder when 906 is divided by 129.
3
What is the remainder when 177189 is divided by 1061?
2
Calculate the remainder when 6690 is divided by 2214.
48
What is the remainder when 9885 is divided by 6?
3
What is the remainder when 44943 is divided by 212?
211
Calculate the remainder when 4533 is divided by 677.
471
What is the remainder when 18469 is divided by 4593?
97
Calculate the remainder when 8688 is divided by 741.
537
Calculate the remainder when 47843 is divided by 122.
19
Calculate the remainder when 989461 is divided by 4302.
1
Calculate the remainder when 219 is divided by 120.
99
What is the remainder when 28233 is divided by 391?
81
Calculate the remainder when 238744 is divided by 65.
64
Calculate the remainder when 52622 is divided by 135.
107
What is the remainder when 1911 is divided by 976?
935
What is the remainder when 720101 is divided by 44?
41
What is the remainder when 50340 is divided by 232?
228
Calculate the remainder when 192714 is divided by 16.
10
What is the remainder when 3069 is divided by 88?
77
Calcu